12 + 20?
-2022
In base 12, what is -6a66 - 2?
-6a68
In base 9, what is -74 - -1?
-73
In base 13, what is -5 + 431?
429
In base 15, what is -5 + 4?
-1
In base 13, what is 11 - c70?
-c5c
In base 15, what is 1 - d6?
-d5
In base 14, what is -2 - -53?
51
In base 12, what is 33 - 1?
32
In base 9, what is -11867 - -3?
-11864
In base 11, what is -3 - -45?
42
In base 8, what is 26 + -2110?
-2062
In base 2, what is 100001101101 - -11?
100001110000
In base 7, what is -403 - -2?
-401
In base 2, what is -1100 + -11001010?
-11010110
In base 15, what is d - 8e?
-81
In base 8, what is -17 - -66?
47
In base 7, what is 56 - 14?
42
In base 11, what is -5 + -65?
-6a
In base 4, what is 100 + -203?
-103
In base 14, what is -7 - -9?
2
In base 4, what is -203 - 210?
-1013
In base 13, what is -46 - 30?
-76
In base 13, what is 5 - 3233?
-322b
In base 2, what is 1011 + -11111?
-10100
In base 14, what is 1 - 313c?
-313b
In base 13, what is -2a0 + 1?
-29c
In base 13, what is -372 + -2?
-374
In base 14, what is 642 - 0?
642
In base 3, what is 1012 - 1121?
-102
In base 4, what is 1200 - 10?
1130
In base 12, what is -12951 - 0?
-12951
In base 9, what is 3113 + 0?
3113
In base 5, what is -340 + 12?
-323
In base 5, what is 22 + -1413?
-1341
In base 12, what is -36 + 2?
-34
In base 12, what is 6 + 17?
21
In base 2, what is -11 - -11110100011?
11110100000
In base 5, what is -4 - -4?
0
In base 16, what is -4 - -24f?
24b
In base 6, what is -5 - 50?
-55
In base 9, what is 327 - 10?
317
In base 2, what is -101 + -11001?
-11110
In base 16, what is 0 + -39e?
-39e
In base 15, what is 19e + -6?
198
In base 12, what is 5 - -895?
89a
In base 12, what is -115 + 15?
-100
In base 12, what is 1b + 103?
122
In base 14, what is 23 - 2?
21
In base 2, what is -10110 - -101111?
11001
In base 6, what is 3 - 223?
-220
In base 4, what is -133203 - 0?
-133203
In base 2, what is 11101110011 + -1?
11101110010
In base 14, what is b + -1da?
-1cd
In base 12, what is 4 - 0?
4
In base 8, what is 1576 - -5?
1603
In base 10, what is -3 - 5480?
-5483
In base 15, what is -10 - 0?
-10
In base 15, what is 4 - -459?
45d
In base 10, what is 7 - -1606?
1613
In base 8, what is 0 - 245?
-245
In base 9, what is -431 + 5?
-425
In base 6, what is 22 - 2?
20
In base 15, what is -3 + -b21?
-b24
In base 5, what is -10 - 41123?
-41133
In base 3, what is -110202 + -1?
-110210
In base 5, what is 11434 - -3?
11442
In base 10, what is 2 + -30?
-28
In base 8, what is -122 + -4?
-126
In base 4, what is -1102 + -3?
-1111
In base 7, what is 10002 - -10?
10012
In base 8, what is 34 - -11?
45
In base 11, what is -3 - 15?
-18
In base 13, what is a9 - 3?
a6
In base 5, what is -3 + 3?
0
In base 9, what is -14 - 5?
-20
In base 8, what is 57 - 12?
45
In base 2, what is -101 - -100100?
11111
In base 5, what is 333 - -4?
342
In base 11, what is 1473 - -4?
1477
In base 8, what is 72 + 24?
116
In base 3, what is -22110 - -121?
-21212
In base 8, what is 3 - -60?
63
In base 8, what is 0 + -134?
-134
In base 16, what is -3 + 58b?
588
In base 11, what is -73 - -20?
-53
In base 5, what is 3 - 20?
-12
In base 13, what is -b2 + -2?
-b4
In base 11, what is 33 - 49?
-16
In base 3, what is 12 + 2000?
2012
In base 7, what is 14655 + 0?
14655
In base 14, what is -5 + -8?
-d
In base 13, what is -b + c9?
bb
In base 3, what is 120 - -2201?
10021
In base 2, what is -11000 + 100110?
1110
In base 12, what is -5 - -171?
168
In base 11, what is 29 + 73?
a1
In base 15, what is -180 - 0?
-180
In base 3, what is 12 + 2112?
2201
In base 2, what is -1001 + 10100000000?
10011110111
In base 5, what is -4 - -202?
143
In base 6, what is -10 + 1142?
1132
In base 8, what is 10 - -143?
153
In base 3, what is -2022 - 100?
-2122
In base 3, what is -1 + -22010?
-22011
In base 3, what is -2 - -221?
212
In base 2, what is -1001101101 + -10001?
-1001111110
In base 12, what is -4 - -1b8?
1b4
In base 6, what is -4 - 2?
-10
In base 6, what is -522 + 5?
-513
In base 8, what is -61 + -1?
-62
In base 3, what is -111 + 11?
-100
In base 2, what is 100000001 - 101?
11111100
In base 10, what is 1 + -214?
-213
In base 2, what is -10 + -100101?
-100111
In base 12, what is 63 + -5?
5a
In base 14, what is 20 + 2?
22
In base 12, what is 4 - -308b?
3093
In base 6, what is -3444 + -4?
-3452
In base 6, what is 2201 - 10?
2151
In base 10, what is -3 + 105?
102
In base 9, what is -4 - 80?
-84
In base 6, what is 5 - 255?
-250
In base 4, what is 102 - -123?
231
In base 15, what is -6 + -6?
-c
In base 10, what is 3181 - 4?
3177
In base 11, what is 4 + 1276?
127a
In base 10, what is 2510 - 12?
2498
In base 7, what is 35 - -124?
162
In base 14, what is 4 - -14d?
153
In base 11, what is 21 - -21?
42
In base 9, what is -24 + 120?
85
In base 12, what is -190 - -15?
-177
In base 8, what is 230 - -3?
233
In base 11, what is -4 + 179?
175
In base 2, what is 1000100 - 11?
1000001
In base 13, what is -3 - -ab?
a8
In base 14, what is -c39 - -2?
-c37
In base 9, what is -1288 - 2?
-1301
In base 12, what is 2aa + -4?
2a6
In base 3, what is 1 - -221?
222
In base 8, what is -1466 - 4?
-1472
In base 12, what is 54 - -66?
ba
In base 5, what is -342 + 1044?
202
In base 10, what is -5 + -116?
-121
In base 10, what is 1967 + -4?
1963
In base 4, what is -3 + -3131?
-3200
In base 3, what is -1102 - 1?
-1110
In base 8, what is 1 + -4651?
-4650
In base 9, what is 0 + -137?
-137
In base 9, what is -110 - -2?
-107
In base 2, what is -111 + -10?
-1001
In base 5, what is 1003 + 4?
1012
In base 8, what is 153 - -56?
231
In base 16, what is -26 - -d0?
aa
In base 7, what is -1006 + 64?
-612
In base 11, what is 6 - -1683?
1689
In base 7, what is -1140 + -6?
-1146
In base 3, what is 1212021 - 12?
1212002
In base 14, what is -3 - -4?
1
In base 10, what is -14 - 18?
-32
In base 14, what is 46 + -4?
42
In base 7, what is -11 - -3266?
3255
In base 13, what is -9 - -1709?
1700
In base 6, what is -40 + 4?
-32
In base 9, what is -14217 - -1?
-14216
In base 9, what is 170 - 14?
155
In base 2, what is 0 - -10010011110?
10010011110
In base 9, what is 50523 + -5?
50517
In base 16, what is -5 - -994?
98f
In base 15, what is 91a + 4?
91e
In base 14, what is -5 + b3?
ac
In base 10, what is 33 + 101?
134
In base 15, what is b4 + 0?
b4
In base 2, what is 1 - 101111?
-101110
In base 13, what is -1 - -2285?
2284
In base 13, what is -55 + -4?
-59
In base 12, what is 0 - -7a?
7a
In base 6, what is 34210 - 1?
34205
In base 2, what is -1 - -10011010?
10011001
In base 10, what is 5 + -532?
-527
In base 13, what is 0 + -640?
-640
In base 12, what is 2 + 2a8?
2aa
In base 8, what is -7 + -35?
-44
In base 16, what is -1 + 14?
13
In base 9, what is -84 + 10?
-74
In base 8, what is 11 - -6?
17
In base 13, what is -19 + 2b7?
29b
In base 13, what is 9026 + -3?
9023
In base 10, what is 2 + 729?
731
In base 12, what is -5 - -2b?
26
In base 12, what is -305 - -5?
-300
In base 14, what is 5 + -1763?
-175c
In base 9, what is 26 - -5?
32
In base 3, what is -10122100 - 20?
-10122120
In base 4, what is 0 + 112113?
112113
In base 9, what is -232 + 4?
-227
In base 15, what is -4 + -73?
-77
In base 10, what is 2 - 536?
-534
In base 4, what is 100 - 101?
-1
In base 7, what is -4 + -241?
-245
In base 5, what is 3 - 214?
-211
In base 14, what is 2 + -78c?
-78a
In base 4, what is 211 - -11?
222
In base 10, what is -5 - -614?
609
In base 5, what is -240400 - -3?
-240342
In base 3, what is -10 + 2220011?
2220001
In base 13, what is 10c - 18?
c4
In base 12, what is 887a - 2?
8878
In base 3, what is 2022 - 12?
2010
In base 15, what is 3 - 19?
-16
In base 16, what is -1c8 - -1?
-1c7
In base 11, what is 4 + 119?
122
In base 3, what is -1102 - 1022?
-2201
In base 14, what is 1 - -22c?
22d
In base 6, what is -2031 - 144?
-2215
In base 13, what is -24b - c?
-25a
In base 2, what is -1110 - 1010101010?
-1010111000
In base 9, what is -4 - 25?
-30
In base 13, what is 4 - -7?
b
In base 7, what is -66 + 4?
-62
In base 5, what is -10 - -12022?
12012
In base 14, what is 8 - 13?
-9
In base 12, what is -4 - 1a8?
-1b0
In base 10, what is -22 + 16?
-6
In base 5, what is 2042 + 13?
2110
In base 12, what is -2 + 165?
163
In base 12, what is -1 - 5a?
-5b
In base 2, what is -1000010001001 + -100?
-1000010001101
In base 4, what is -111 - -11?
-100
In base 7, what is -22 - 3561?
-3613
In base 6, what is 